*u - 1767 = -30*u. Let n(j) = -j**2 + 36*j - 14. Give n(u).
141
Let d(s) = 7*s - 31. Let u be d(4). Let o be ((-7)/(-7))/(u/21*1). Let t(f) = -f**3 - 6*f**2 + 3*f - 2. Determine t(o).
26
Let s be (-54)/(-2)*(-7 - 180/(-27)). Let d(t) = -t + 18. What is d(s)?
27
Let b(p) be the third derivative of -p**6/60 - p**5/20 + p**4/4 + 5*p**3/3 - p**2 - 439*p. Determine b(-2).
2
Suppose g + 5*u - 2 = 7, 0 = -3*g - 2*u + 14. Suppose 18 = f - 4*x, 0*f - 5*x - 10 = 5*f. Let t(y) = -y + 37*y**2 + 4 - g*y - 38*y**f + 0. Give t(-8).
-20
Let g = -21 + 19. Let j(l) be the second derivative of l**3/6 + 29*l. Let q(h) = -2. Let n(r) = g*q(r) + j(r). Calculate n(0).
4
Let k(n) = -16*n - 15. Let u(z) = 71*z + 61. Let q(b) = 9*k(b) + 2*u(b). What is q(4)?
-21
Let p(d) be the third derivative of d**6/120 - 7*d**5/60 + d**4/24 - 2*d**3/3 + d**2. Let l(n) = n**3 + 6*n**2 + 92*n + 256. Let j be l(-3). Calculate p(j).
3
Let c(m) = m**3 - 17*m**2 - 18*m - 25. Let u(n) = 128*n + 530. Let t be u(-4). Give c(t).
-25
Suppose 0 = f - 0*f - 4*n - 67, 3*n - 90 = -2*f. Let c(z) = -30*z - 35*z + z**3 + f*z + 12*z**2 - 6. Give c(-13).
7
Let g(d) = -3*d**2 + 26*d + 3. Suppose 163 + 200 = 30*j + 93. Give g(j).
-6
Let p(r) = -5*r + 103394 + 3*r**2 - 103391 + 12*r**3 + 24*r**3. Give p(1).
37
Let r(b) = 2614*b - 29 - 5217*b + 2609*b. Determine r(6).
7
Let x be -10 + (1 - -1) + (-16)/(-8). Let b(v) = 54*v - 202*v + v**2 + 58*v + 50*v + 46*v - 7. Determine b(x).
-7
Suppose -226 = -3*q - 208. Let u(b) = -6*b + 14. Determine u(q).
-22
Let r(v) = 12*v**2 - 26*v + 3. Let x(n) = 14*n**2 - 30*n + 5. Let j(i) = 6*r(i) - 5*x(i). Give j(4).
1
Let r be (-3)/((6/(-9))/((-52)/(-18))). Let n(j) = 2*j**2 - 8*j - 5 - 3*j**2 + r*j + 0*j**2. Calculate n(4).
-1
Let a(w) = -w**2 + 12*w - 12. Let h be a(10). Suppose 3*y - 1 = h. Let s(i) = 3*i**y + 2*i + i**2 - 7*i**2 - 4*i**3 - 6*i. What is s(-4)?
-16
Let i(r) be the first derivative of -r**4/4 + 10*r**3/3 + 12*r**2 + 11*r - 2017. Give i(12).
11
Let h(w) be the first derivative of 2*w**4 - 1 + 1/2*w**2 + w - 1/3*w**3. Calculate h(-1).
-9
Let n be 474/54 - 9 - (-6322)/18. Let r = n + -353. Let k(j) = 2*j**3 - 3*j**2 - j + 2. Give k(r).
-24
Let a(p) = -p**3 + 5*p**2 - 3*p + 3. Let j = -432 - -411. Let i(o) = 8*o + 170. Let m be i(j). What is a(m)?
9
Let w(c) = c - 3. Let o(a) = 4*a - 12 - 22 + 36. Let u(p) = o(p) + 2*w(p). Determine u(5).
26
Let u = -8627 - -8635. Let i(j) be the first derivative of j**4/4 - 7*j**3/3 - 5*j**2 + 9*j - 1. Calculate i(u).
-7
Suppose 1109 = 5*c + 4*a, -a = 3*c - 6*a - 695. Let o = 223 - c. Let x(v) = -2*v**2 - 3*v. What is x(o)?
-2
Let j(q) = -q**2 + 8*q + 1. Let p(y) = -y**2 + 4*y + 37. Suppose 0 = -3*i - i + 28. Let w be p(i). Suppose w = -5*b + 56. Give j(b).
1
Let u(t) = t**2 - 16*t + 17. Let s(h) = -27*h + 1149. Let p be s(42). Calculate u(p).
2
Let l(m) = 7*m - 25. Let q be ((-670)/603)/(0 - (-3)/(-81)*3). Give l(q).
45
Let p(f) = -4*f - 3. Suppose -2*i + 16 = -d + 3*i, -2*d - 4*i + 24 = 0. Suppose d*b + s = 3*b + 4, -29 = 4*b - 5*s. What is p(b)?
1
Let d(r) be the third derivative of r**4/4 - 175*r**3/6 + 158*r**2 + r. Let f be d(30). Let k(n) = n**3 - 5*n**2 - n. Determine k(f).
-5
Let w = 8 + 2. Let v(a) = -6*a**3 + 41*a**2 - 3 + 3*a**3 - 25*a + 31. Let k(z) = -z**3 + 14*z**2 - 8*z + 9. Let j(n) = -8*k(n) + 3*v(n). Calculate j(w).
2
Let m(w) = -10*w + 2. Suppose 0 = -24*k - 109 - 35. Let f be 22/(-12) + (3 - (-19)/k). Determine m(f).
22
Let h(f) = -f**2 + 9*f + 1. Let d(x) = -x**3 + 21*x**2 - 20*x + 7. Let z be d(19). Let k = z - 345. Determine h(k).
21
Let v = 22401 + -22398. Let c(l) be the second derivative of 0*l**2 - 1/2*l**v + 8*l - 7/12*l**4 + 0. Determine c(-2).
-22
Let d(a) = 2*a**2 - 37*a + 25. Let m(f) = -7*f**2 - 6 - 3 + 19*f + 1 + 6*f**2 - 5. Let r(w) = -6*d(w) - 11*m(w). What is r(13)?
-7
Let p be 603/(-469) + 48/(-28). Let d(t) = -2*t - 4. What is d(p)?
2
Let q(x) = 4*x**2 - x - 5. Let j(c) = -c**2 + 1. Let y(g) = 5*j(g) + q(g). Let w(v) = -7*v**2 - 16*v + 3. Let o(n) = -w(n) + 6*y(n). Give o(-8).
-19
Let c(p) = -p**3 - 8*p**2 + p + 7. Suppose 674*z = 681*z + 6391. Let v = z + 905. Give c(v).
-1
Let c(z) = -z**3 + 3*z**2 - 5. Let w be c(2). Let t(u) = -2*u**3. Let i be t(w). Let d be -4*(-1)/8 - (-1)/i. Let x(n) = -8*n**2 - n. What is x(d)?
-9
Let j(i) be the second derivative of 1/3*i**4 - 1/6*i**3 - 4*i + 1/2*i**2 + 1/20*i**5 + 0. Let d(x) = -35*x + 171. Let q be d(5). What is j(q)?
5
Let u(g) = 5*g - 30. Let z be ((-217)/124)/((-1)/4). Let l(p) = -p + 10. Let t(x) = z*l(x) + 2*u(x). Give t(-7).
-11
Let u = 55 + -46. Let c be (0 + 20)*(u/12)/3. Suppose c*q - 10 = 15. Let f(n) = -2*n - 1. Determine f(q).
-11
Suppose -3*w - 9 = o, 0*o - 2*w - 14 = -2*o. Suppose -4*r + 0*p - 5*p - 3 = 0, -o*r = 3*p. Let b(q) = -3 + 92*q**2 + 0*q - q**r - 89*q**2 - q. Give b(3).
-6
Let g(p) = 6*p + 33. Let f be g(-5). Suppose -4*y + 28 = -2*o, f*o = 2*y - 27 + 5. Let x(b) = 2*b**2 + 4*b + 3. Give x(o).
19
Let b = 271 + -150. Let a = 119 - b. Let k(q) = 6*q**3 + 7*q**2 - 2*q - 2. Let p(w) = w**3 + w**2 - w - 1. Let r(f) = -k(f) + 5*p(f). Calculate r(a).
3
Let t(d) = d**2 + 10*d + 23. Let r be t(-7). Let v(a) = a**3 + a**2 + a + 1. Let k(s) = -5*s**3 - 8*s**2 - 4*s - 9. Let o(p) = k(p) + 6*v(p). Give o(r).
1
Let v(a) = 3*a - 17. Let j be v(5). Let f(x) = 2*x. Let z be f(j). Let q(d) = -d. Let o(b) = 8*b - 2. Let y(k) = -2*o(k) - 18*q(k). What is y(z)?
-4
Let v(r) = 8*r**2 + r. Suppose 10 = 2*w - 0*w. Let m be w*14 - 1*(-5 - -4). Let l = -72 + m. Determine v(l).
7
Let d(f) = -10*f**2 + 5 + 4 + 5 + f**3 - 8*f. Let t(a) = a**3 - 25*a**2 + 7*a + 419. Let g be t(24). Give d(g).
47
Let x be -123*(-2)/22 + ((-9300)/(-275) - 34). Let w(l) = l**3 - 12*l**2 + 12*l - 48. What is w(x)?
-37
Let r(i) = 25*i + 1. Let f be r(1). Let u = -27 + f. Let l(g) = g**2 + g - 1. Let o(j) = 5*j**2 - 3*j - 14. Let d(m) = u*o(m) + 4*l(m). Give d(8).
2
Let w be (2 - (-114)/9)*(3 - 6). Let l = w - -48. Let k(c) = -c - 1 - 15*c**2 + l*c - 19*c**2 + 35*c**2. What is k(-5)?
9
Let f(r) = 63*r - 249. Let l be (-128 - -120)*(15/(-6) + 2). Determine f(l).
3
Suppose 4*a = -16, 2*k + 1 = -5*a - 19. Suppose k = -3*s + 5*x + 35, 0 = 4*s + 3*x - 5*x - 28. Let r(y) = 13*y + y - 3 - s*y - 5*y. What is r(2)?
5
Let h(t) = -t**2 - t + 4. Let p(u) = 4*u**2 + 13*u - 22. Let y(i) = 6*h(i) + p(i). Give y(-5).
-83
Let l(i) = -i - 2. Let k = -110 + 108. Let t be 6/4 - (-27)/k. Let a be ((-48)/(-15) + -2)/(t/(-40)). Give l(a).
-6
Let p(w) be the first derivative of -w**4/8 + 5*w**3/6 - 3*w**2 - w + 99. Let x(k) be the second derivative of p(k). Calculate x(5).
-10
Let i(o) be the first derivative of -9*o**2/2 - 30*o + 3349. What is i(-4)?
6
Let x(d) = -d - 1. Let a(p) = -6*p**2 - 3*p - 4. Let j(f) = -a(f) + 3*x(f). Suppose -96*v = -247*v + 151. Calculate j(v).
7
Let q = -17090 - -17090. Let r(d) = -3*d**3 + d**2 - 2*d + 7. Give r(q).
7
Suppose -2*y = -4*y. Let q(l) = 4 + y*l - 4*l + 3*l. Let i(h) = 2*h**2 + 83*h + 708. Let b be i(-12). What is q(b)?
4
Let x(r) = 3*r**3 + 17*r**2 - r + 13. Let p(i) = i**3 + 6*i**2 + 5. Let o(v) = 17*p(v) - 6*x(v). What is o(-3)?
16
Let w be (0 + (241 - -5))*(-4)/12. Let t = -88 - w. Let p(u) = u**2 + 6*u - 8. Give p(t).
-8
Suppose -25*w = -30*w + 135. Let r be (-3)/(-7) - w/63. Let n(c) = c**2 - 2*c - 5. What is n(r)?
-5
Let z(p) be the third derivative of -p**4/24 - 5*p**3/2 - 91*p**2. Suppose -7*j + 21 - 105 = 0. Determine z(j).
-3
Let i(z) = -13*z + 154. Let h(b) = 483*b - 1921. Let v be h(4). Determine i(v).
11
Let v(i) = i**2 + 10*i - 18. Let j(d) = -2*d**2 - 21*d + 38. Let s(k) = -2*j(k) - 5*v(k). Let b = 381 - 391. Determine s(b).
-6
Let l(t) = 940*t - 9388. Let n be l(10). Let d(r) = -2*r**3 + 25*r**2 - 9*r - 32. Give d(n).
4
Let q(h) = -6*h - 45*h**2 + 19*h - 2*h**3 + 37*h**2 + 3*h**3. Let z be q(6). Let g(r) = -r**3 + 4*r**2 + 8*r + 3. Calculate g(z).
-21
Let t(q) = q**3 - 3*q**2 + 2*q - 4. Suppose -w - 5 + 8 = 0. Suppose 0 = w*m + 16 - 7. Let j be 4/6 - (-2)/(-3) - m. What is t(j)?
2
Let g(b) = 318*b - 522. Let j(x) = 374*x - 524. Let t(i) = 7*g(i) - 6*j(i). Give t(-28).
-6
Let p(n) = 7*n**3 - 19*n**2 + 10*n + 11. Let v(x) = -13*x**3 + 33*x**2 - 18*x - 19. Let o(c) = 7*p(c) + 4*v(c). What is o(3)?
-95
Let m(b) be the second derivat